x + 7. Let n(a) = -3*h(a) + 4*i(a). Give n(v).
8
Let c(q) be the second derivative of q**4/4 + q**3/6 - q**2/2 + 52*q. Give c(1).
3
Suppose 2*n = 10 + 2. Let a(v) = -v - 2. Give a(n).
-8
Let w(b) = 2*b - 6. Let t(i) = i - 3. Let y(q) = 5*t(q) - 2*w(q). Let k(x) = -x**2 + 4*x + 5. Let n be k(4). Give y(n).
2
Suppose -4 = 3*c - 2*c. Let r(f) = f**3 + 3*f**2 - 4*f. Let j be r(c). Let u = j - 2. Let b(w) = -4*w - 2. Calculate b(u).
6
Let j(c) = -4*c**3 - 4*c + 3*c**3 - c + 5*c**2 + 4. Let p(m) = -m**2 + 7*m - 7. Let n be p(5). Suppose n*f = f + 8. What is j(f)?
0
Let v(u) = 2*u - u**2 - u - u**2. Determine v(2).
-6
Let p(s) = -s**3 + 4*s**2 + 3*s - 5. Let u be (-4 + 8)*(-2)/(-2). Suppose -h - u*m - m = -29, 7 = 3*h - m. Give p(h).
7
Let r(g) be the first derivative of -g**4/4 - 4*g**3/3 - 5*g - 5. Calculate r(-4).
-5
Let q(u) = u**3 - 4*u**2 + u - 1. Let r(i) = i. Let t(y) = -q(y) - r(y). Let a be 2 - (1 + (-2)/2). Suppose -3*s = -a*z - 2*z - 28, 12 = -3*z. Give t(s).
-7
Let j(m) = -9 + 0*m - 2*m + 7. Give j(-6).
10
Let c = 49 + -48. Let o(i) = -8*i**2 - i + 1. Calculate o(c).
-8
Let z = -1 + 3. Let q(k) = 5 + k**z - 4*k + k - 2*k. Suppose d + 20 = 3*u + u, 4*d + 20 = 4*u. Give q(u).
5
Let g(l) = -l - 1. Let f(i) = -2*i - 3. Let m(s) = -3*f(s) + 7*g(s). Suppose -5*c - 3 = -2*c, -25 = -4*z + 5*c. Let b = 8 - z. What is m(b)?
-1
Let d(v) = 1. Let s(z) = 7*z - 2. Let p(r) = -13*r + 4. Let g(o) = -6*p(o) - 11*s(o). Let t(x) = 4*d(x) + g(x). Calculate t(2).
4
Let t(v) = -7*v**3 - 2*v**2 + 3*v + 3. Let z(k) = -k**3 + k**2 - k - 1. Let l(y) = -t(y) - 2*z(y). Suppose -8*u + 5*u = 3. Calculate l(u).
-9
Let o be 2*(-1)/9 + (-190)/(-45). Let r(x) = -x**2 - x + 4. What is r(o)?
-16
Let i(f) = -f**2 + 6*f + 5. Let k be i(6). Let g(d) = -d**2 + 3*d + 7. Determine g(k).
-3
Let y(w) = -w**3 - 4*w**2 + 4*w + 2. Let t = 65 + -70. Give y(t).
7
Suppose 0 = -5*i + 2*s - 41, 47 = i - 6*i + 4*s. Let m(q) = -3*q - 8. What is m(i)?
13
Let s(t) = -11 + 7 - 13 - 19*t**2 + 20*t. Let r(j) = 6*j**2 - 7*j + 6. Let l(x) = 17*r(x) + 6*s(x). Give l(-1).
-13
Let b = 1 - -3. Let x = b - -1. Let l(n) = -n - 2*n**2 + 5*n + n**2 + 5. What is l(x)?
0
Let o(p) = 1. Let x be (-2)/((-5)/(5/2)). Let a(v) = -2*v + 2. Let w(z) = x*a(z) + o(z). What is w(5)?
-7
Suppose 3*k - 8 = -2*o + 2, k = -5*o + 12. Let v(j) = 4*j**2 - 4*j + 2. Give v(o).
10
Let z = 0 + 1. Let t = z - 0. Let w(c) be the second derivative of -c**3/6 - 2*c. Give w(t).
-1
Suppose -4*i = j - 6, 5*j = 4*i - i + 30. Let o(u) = -7 - 10 - 2*u + j*u + 0*u. Let q(c) = -3*c + 11. Let d(z) = 5*o(z) + 8*q(z). Give d(3).
-9
Let r(g) = g**2 + 6*g + 8. Let p be r(-6). Let t(l) = p*l - 3*l - 6*l - 3. Suppose 3*q - 3 = 2*s - 0*q, -2*s - 3*q = 21. Determine t(s).
3
Let a = 13 + -13. Let t(o) be the first derivative of -2 + a*o - 1/2*o**2 - 7/3*o**3. Calculate t(-1).
-6
Let y(a) be the third derivative of 1/24*a**4 + 0*a + a**2 + 1/30*a**5 + 1/180*a**6 + 0 + 1/3*a**3. Let w(z) be the first derivative of y(z). Calculate w(-3).
7
Let d(m) = 13*m**3 - 2*m**2 + 2*m - 1. Suppose q + 4*v = 17, 3*q + 0*v - v + 1 = 0. Give d(q).
12
Let k(o) = -o**2 - 10*o - 1. Let n be k(-7). Suppose 0 = 5*s + n, -s = -6*f + f - 1. Let y(q) = -2*q**2 + q. Give y(f).
-3
Let k(t) = 3*t + 5. Suppose m = 14*m + 65. Determine k(m).
-10
Let u(m) be the first derivative of -4*m**3/3 - m**2 + m - 3. Suppose 2*h - 31 = 4*d + d, -4*h = d - 7. Let s = d - -3. Calculate u(s).
-11
Let b(q) = -15*q**3 + 3*q**2 + 21*q**3 - q**2 - 2*q + 1. Give b(1).
7
Suppose -x + 26 - 25 = 0. Let k(q) = 2*q**2 + 2*q - 1. Calculate k(x).
3
Let p(q) = 2*q**2 - q - 2. Let d be p(2). Let k(w) = -w + 6. Let u be k(d). Let g(f) = -f**3 + f**2 - 2*f. Give g(u).
-8
Suppose -6 - 3 = 3*m. Let a(q) = -q**3 - 2*q**2 + 4*q. What is a(m)?
-3
Suppose 2*j = -j + 36. Suppose 5*c - j = 2*c. Let y(z) = z**3 - 3*z**2 - 5*z + 1. What is y(c)?
-3
Let c(o) = -2*o - 8. Let a = -27 - -46. Let f = a - -1. Suppose -4*k - f = 0, -t + 2*k = -2*t - 16. Calculate c(t).
4
Let s(y) = 0*y - 1 + 1 - y - 5. Let f = 5 - 5. Suppose f*w = 2*w. What is s(w)?
-5
Let i(p) = -3*p**2 + p + 2. Suppose -g = 3*j - 8, 2*j - 3*g + 1 + 1 = 0. What is i(j)?
-8
Let t(x) = -x**2 + 4*x + 2. Let w(b) = b - 3. Let o(v) = 6*v - 16. Let g(p) = 2*o(p) - 11*w(p). Let u be g(2). Calculate t(u).
5
Let y(j) = -j**2 - 5*j + 3. Let c(a) = 2*a**2 + 10*a - 7. Let b(w) = 2*c(w) + 5*y(w). Let q = 336 + -341. What is b(q)?
1
Let i(s) be the first derivative of s**6/360 - s**4/4 + 7*s**3/3 - 1. Let n(j) be the third derivative of i(j). Determine n(0).
-6
Let z(a) = a - 2. Suppose -3*s + 7 + 11 = 0. Suppose r = s - 4. Give z(r).
0
Let i be (2/5)/(0 + (-2)/10). Let x be 1/(-1 + 2)*2. Let d(l) = -5*l**x + l**2 + l - 2*l**3 + l**3. Give d(i).
-10
Let k(h) = 5*h**2 - 2*h - 6. Let g(x) = -x**2 + 1. Let q(b) = -4*g(b) - k(b). Let y be 45/10 - (-9)/(-6). What is q(y)?
-1
Let a(f) = -2*f**2 + 5*f + 1. Let o = -14 - -18. Give a(o).
-11
Let o(s) = 6*s**2 - 7*s - 11. Let d(m) = -m**2 + m + 1. Let a(u) = -5*d(u) - o(u). Calculate a(5).
-9
Let c(g) = -2*g - 8. Let x be c(-4). Let m(i) = -i - 7. What is m(x)?
-7
Let a(p) = -p**3 + p**2. Let o be a(-1). Let q be ((-8)/(-12))/(2/18). Let k(j) = 0*j**3 + j**3 + 6 - 2*j - q + 7 - 5*j**o. Give k(5).
-3
Let n(w) = -w - 1. Let s(t) = -t**2 - 19*t - 18. Let o(g) = 3*n(g) - s(g). Let h be o(-15). Let v(d) = -d**2 - d - 5. Determine v(h).
-5
Let g(c) = -6*c**2 + 1. Suppose -5*v = j - 19, 3 + 0 = -3*v + 3*j. Suppose 4*n + v = n. What is g(n)?
-5
Let i(q) = 7*q**3 - 2*q**2 + 2*q - 1. Let y(w) = w**3 - 2*w**2 - 2*w - 2. Let l be 0 - ((-4)/(-4) - 4). Let x be y(l). Calculate i(x).
6
Let q(p) = p**2 - 6*p - 1. Let k be q(7). Let a(r) = r - 14. Determine a(k).
-8
Suppose -4*j - u - 17 = 0, -3*u = -3*j - 4*u - 13. Let r(d) = d**2 - 1. Let g be r(2). Let c(a) = g - 100*a + 102*a + 1. What is c(j)?
-4
Let j(h) = h**3 - 6*h**2 + 7*h. Let m be j(5). Suppose -2*d = -k - 0*k + m, 4*k + 4 = -3*d. Let v(i) = 3 + 4*i + 2 - 1 + i**2. Determine v(d).
4
Let u(o) = -o. Let i(v) = -5*v - 3. Let d(p) = -6*p - 4. Let y(a) = 2*d(a) - 3*i(a). Let b = 12 + -7. Let g(c) = b*u(c) + 2*y(c). Give g(4).
6
Let o(m) = 4*m**2 - 6*m + 2 + 4*m**2 - 7*m**2. What is o(6)?
2
Suppose 19*k - 10 - 47 = 0. Let z(x) be the third derivative of -1/24*x**4 + 0 + x**2 + 3/2*x**k + 0*x. Determine z(6).
3
Suppose 2*b = -14 + 10. Let x(z) = z**3 - z**2 - 3*z - 1. Give x(b).
-7
Let j(m) = -15*m**3 - 22*m**3 - 8*m - 15*m**3 + 6*m**2 + 53*m**3 - 7. Give j(-7).
0
Let j(w) = -5*w**2 - 3*w. Let c(r) = 14*r**2 + 9*r. Let a(q) = 4*c(q) + 11*j(q). Suppose -2*g = 5*h + 12, 0 = -2*g - g + 12. Determine a(h).
4
Suppose 4*b - z = 9, -4*b + 3*z + 11 = -0*z. Let d(l) = l**2. What is d(b)?
4
Let a(j) = 3*j. Let o = -19 - -22. Suppose -2*d + o = -1. Determine a(d).
6
Let c = -86 + 86. Let g(r) be the third derivative of -1/8*r**4 - 1/120*r**6 + c + 0*r - 1/6*r**3 - 3*r**2 - 1/12*r**5. Calculate g(-4).
-5
Let y(z) = -z + 1. Suppose 0*c + 60 = c. Let x be c/14 - 16/56. What is y(x)?
-3
Let a(s) = -s**3 + 5*s**2 + 7*s - 6. Suppose -5*v = -4*v - 6. Calculate a(v).
0
Let v(w) = w**3 + 3*w**2 - 5*w + 2. Let t be v(-4). Let i = t + -11. Let y(h) = -h - 6. Determine y(i).
-1
Let n(p) be the first derivative of p**3 - p**2 + 3*p - 17. Calculate n(2).
11
Let x(t) be the first derivative of -t**3/3 + 2*t**2 - 3*t - 15. Give x(5).
-8
Let a(f) = 4*f**3 + 4*f**2 + f - 2. Let w(s) = s**3 - s**2 + 1. Let m(q) = a(q) + 3*w(q). Let h be 3*3/(-2)*8/36. What is m(h)?
-6
Let a(s) be the third derivative of -s**7/420 - s**6/720 - s**5/120 - s**4/4 + 2*s**2. Let k(d) be the second derivative of a(d). Determine k(-1).
-6
Suppose 0 = -2*k - 2*k + 3*h + 19, -2*k + 4*h + 2 = 0. Let o(u) = u - 5. Calculate o(k).
2
Suppose -a + 9 = 2*a. Let j = 7 - a. Let r(l) = l**3 + 2 - 3 + 4*l - 4*l**2 - 5*l. Give r(j).
-5
Suppose 4*z - 4 = -4*l, 2*z + 3*z = -15. Let s(k) be the third derivative of -k**6/120 + k**5/30 + k**4/6 + k**3/2 + 5*k**2. Give s(l).
-13
Let a be ((-12)/14)/(4/56). Let t = 7 + a. Let m = t + 3. Let p(x) = -4*x - 2. Calculate p(m).
6
Let o(p) = -p**2 - p + 5. Let x = 0 - -1. Let r be -1 + (-2 - x*-7). Suppose 0 = 2*q + z + r, -z + 7 - 3 = 0. Give o(q).
-7
Let r(d) = -d**2 + 5*d + 10. Suppose 0 = -5*c + 5*z + 20 + 30, 4*z +